{"id":11727,"date":"2021-06-29T11:29:32","date_gmt":"2021-06-29T14:29:32","guid":{"rendered":"https:\/\/www.catamarca.edu.ar\/plataforma_educativa\/?page_id=11727"},"modified":"2025-08-20T10:39:23","modified_gmt":"2025-08-20T13:39:23","slug":"podcasts","status":"publish","type":"page","link":"https:\/\/www.catamarca.edu.ar\/plataforma_educativa\/podcasts\/","title":{"rendered":"Podcasts"},"content":{"rendered":"\t\t<div data-elementor-type=\"wp-page\" data-elementor-id=\"11727\" class=\"elementor elementor-11727\">\n\t\t\t\t\t\t<section class=\"elementor-section elementor-top-section elementor-element elementor-element-42f65cf elementor-section-boxed elementor-section-height-default elementor-section-height-default\" data-id=\"42f65cf\" data-element_type=\"section\" data-e-type=\"section\">\n\t\t\t\t\t\t<div class=\"elementor-container elementor-column-gap-default\">\n\t\t\t\t\t<div class=\"elementor-column elementor-col-50 elementor-top-column elementor-element elementor-element-10d0186\" data-id=\"10d0186\" data-element_type=\"column\" data-e-type=\"column\">\n\t\t\t<div class=\"elementor-widget-wrap elementor-element-populated\">\n\t\t\t\t\t\t<div class=\"elementor-element elementor-element-865cb08 elementor-widget elementor-widget-heading\" data-id=\"865cb08\" data-element_type=\"widget\" data-e-type=\"widget\" data-widget_type=\"heading.default\">\n\t\t\t\t<div class=\"elementor-widget-container\">\n\t\t\t\t\t<h3 class=\"elementor-heading-title elementor-size-default\">Burbuja 3.0<\/h3>\t\t\t\t<\/div>\n\t\t\t\t<\/div>\n\t\t\t\t<div class=\"elementor-element elementor-element-64bfcf5 elementor-widget elementor-widget-heading\" data-id=\"64bfcf5\" data-element_type=\"widget\" data-e-type=\"widget\" data-widget_type=\"heading.default\">\n\t\t\t\t<div class=\"elementor-widget-container\">\n\t\t\t\t\t<h4 class=\"elementor-heading-title elementor-size-default\">Burbuja 3.0 es un recetario pedag\u00f3gico, donde podr\u00e1s encontrar la saz\u00f3n a las buenas pr\u00e1cticas pedag\u00f3gicas.<\/h4>\t\t\t\t<\/div>\n\t\t\t\t<\/div>\n\t\t\t\t\t<\/div>\n\t\t<\/div>\n\t\t\t\t<div class=\"elementor-column elementor-col-50 elementor-top-column elementor-element elementor-element-5125d84\" data-id=\"5125d84\" data-element_type=\"column\" data-e-type=\"column\">\n\t\t\t<div class=\"elementor-widget-wrap elementor-element-populated\">\n\t\t\t\t\t\t<div class=\"elementor-element elementor-element-87967a3 elementor-widget elementor-widget-image\" data-id=\"87967a3\" data-element_type=\"widget\" data-e-type=\"widget\" data-widget_type=\"image.default\">\n\t\t\t\t<div class=\"elementor-widget-container\">\n\t\t\t\t\t\t\t\t\t\t\t\t\t\t\t<img fetchpriority=\"high\" decoding=\"async\" width=\"331\" height=\"331\" src=\"https:\/\/www.catamarca.edu.ar\/plataforma_educativa\/wp-content\/uploads\/2021\/08\/Logo-Podcast.jpg\" class=\"attachment-full size-full wp-image-11961\" alt=\"\" srcset=\"https:\/\/www.catamarca.edu.ar\/plataforma_educativa\/wp-content\/uploads\/2021\/08\/Logo-Podcast.jpg 331w, https:\/\/www.catamarca.edu.ar\/plataforma_educativa\/wp-content\/uploads\/2021\/08\/Logo-Podcast-300x300.jpg 300w, https:\/\/www.catamarca.edu.ar\/plataforma_educativa\/wp-content\/uploads\/2021\/08\/Logo-Podcast-150x150.jpg 150w\" sizes=\"(max-width: 331px) 100vw, 331px\" \/>\t\t\t\t\t\t\t\t\t\t\t\t\t\t\t<\/div>\n\t\t\t\t<\/div>\n\t\t\t\t\t<\/div>\n\t\t<\/div>\n\t\t\t\t\t<\/div>\n\t\t<\/section>\n\t\t\t\t<section class=\"elementor-section elementor-top-section elementor-element elementor-element-afa5f2f elementor-section-boxed elementor-section-height-default elementor-section-height-default\" data-id=\"afa5f2f\" data-element_type=\"section\" data-e-type=\"section\">\n\t\t\t\t\t\t<div class=\"elementor-container elementor-column-gap-default\">\n\t\t\t\t\t<div class=\"elementor-column elementor-col-100 elementor-top-column elementor-element elementor-element-7aaa22c\" data-id=\"7aaa22c\" data-element_type=\"column\" data-e-type=\"column\">\n\t\t\t<div class=\"elementor-widget-wrap elementor-element-populated\">\n\t\t\t\t\t\t<div class=\"elementor-element elementor-element-67f5d12 elementor-widget-divider--view-line elementor-widget elementor-widget-divider\" data-id=\"67f5d12\" data-element_type=\"widget\" data-e-type=\"widget\" data-widget_type=\"divider.default\">\n\t\t\t\t<div class=\"elementor-widget-container\">\n\t\t\t\t\t\t\t<div class=\"elementor-divider\">\n\t\t\t<span class=\"elementor-divider-separator\">\n\t\t\t\t\t\t<\/span>\n\t\t<\/div>\n\t\t\t\t\t\t<\/div>\n\t\t\t\t<\/div>\n\t\t\t\t\t<\/div>\n\t\t<\/div>\n\t\t\t\t\t<\/div>\n\t\t<\/section>\n\t\t\t\t<section class=\"elementor-section elementor-top-section elementor-element elementor-element-ffcb234 elementor-section-boxed elementor-section-height-default elementor-section-height-default\" data-id=\"ffcb234\" data-element_type=\"section\" data-e-type=\"section\">\n\t\t\t\t\t\t<div class=\"elementor-container elementor-column-gap-default\">\n\t\t\t\t\t<div class=\"elementor-column elementor-col-33 elementor-top-column elementor-element elementor-element-c7e40de\" data-id=\"c7e40de\" data-element_type=\"column\" data-e-type=\"column\">\n\t\t\t<div class=\"elementor-widget-wrap elementor-element-populated\">\n\t\t\t\t\t\t<div class=\"elementor-element elementor-element-1de5ea9 elementor-widget elementor-widget-heading\" data-id=\"1de5ea9\" data-element_type=\"widget\" data-e-type=\"widget\" data-widget_type=\"heading.default\">\n\t\t\t\t<div class=\"elementor-widget-container\">\n\t\t\t\t\t<h4 class=\"elementor-heading-title elementor-size-default\">Cap\u00edtulo 1<br>\nBurbuja<\/h4>\t\t\t\t<\/div>\n\t\t\t\t<\/div>\n\t\t\t\t<div class=\"elementor-element elementor-element-128c269 elementor-widget elementor-widget-wp-widget-media_audio\" data-id=\"128c269\" data-element_type=\"widget\" data-e-type=\"widget\" data-widget_type=\"wp-widget-media_audio.default\">\n\t\t\t\t<div class=\"elementor-widget-container\">\n\t\t\t\t\t<audio class=\"wp-audio-shortcode\" id=\"audio-11727-1\" preload=\"none\" style=\"width: 100%;\" controls=\"controls\"><source type=\"audio\/mpeg\" src=\"https:\/\/www.catamarca.edu.ar\/plataforma_educativa\/wp-content\/uploads\/2021\/08\/Capitulo-1-Burbuja.mp3?_=1\" \/><source type=\"audio\/mpeg\" src=\"http:\/\/www.catamarca.edu.ar\/plataforma_educativa\/wp-content\/uploads\/2021\/08\/Capitulo-1-Burbuja.mp3?_=1\" \/><a href=\"https:\/\/www.catamarca.edu.ar\/plataforma_educativa\/wp-content\/uploads\/2021\/08\/Capitulo-1-Burbuja.mp3\">https:\/\/www.catamarca.edu.ar\/plataforma_educativa\/wp-content\/uploads\/2021\/08\/Capitulo-1-Burbuja.mp3<\/a><\/audio>\t\t\t\t<\/div>\n\t\t\t\t<\/div>\n\t\t\t\t\t<\/div>\n\t\t<\/div>\n\t\t\t\t<div class=\"elementor-column elementor-col-33 elementor-top-column elementor-element elementor-element-8e337a2\" data-id=\"8e337a2\" data-element_type=\"column\" data-e-type=\"column\">\n\t\t\t<div class=\"elementor-widget-wrap elementor-element-populated\">\n\t\t\t\t\t\t<div class=\"elementor-element elementor-element-69b7c5a elementor-widget elementor-widget-heading\" data-id=\"69b7c5a\" data-element_type=\"widget\" data-e-type=\"widget\" data-widget_type=\"heading.default\">\n\t\t\t\t<div class=\"elementor-widget-container\">\n\t\t\t\t\t<h4 class=\"elementor-heading-title elementor-size-default\">Cap\u00edtulo 2<br>\nPara Ser, hay que Estar<\/h4>\t\t\t\t<\/div>\n\t\t\t\t<\/div>\n\t\t\t\t<div class=\"elementor-element elementor-element-e2e76da elementor-widget elementor-widget-wp-widget-media_audio\" data-id=\"e2e76da\" data-element_type=\"widget\" data-e-type=\"widget\" data-widget_type=\"wp-widget-media_audio.default\">\n\t\t\t\t<div class=\"elementor-widget-container\">\n\t\t\t\t\t<audio class=\"wp-audio-shortcode\" id=\"audio-11727-2\" preload=\"none\" style=\"width: 100%;\" controls=\"controls\"><source type=\"audio\/mpeg\" src=\"https:\/\/www.catamarca.edu.ar\/plataforma_educativa\/wp-content\/uploads\/2021\/08\/Capitulo-2-Para-Ser-hay-que-Estar.mp3?_=2\" \/><source type=\"audio\/mpeg\" src=\"http:\/\/www.catamarca.edu.ar\/plataforma_educativa\/wp-content\/uploads\/2021\/08\/Capitulo-2-Para-Ser-hay-que-Estar.mp3?_=2\" \/><a href=\"https:\/\/www.catamarca.edu.ar\/plataforma_educativa\/wp-content\/uploads\/2021\/08\/Capitulo-2-Para-Ser-hay-que-Estar.mp3\">https:\/\/www.catamarca.edu.ar\/plataforma_educativa\/wp-content\/uploads\/2021\/08\/Capitulo-2-Para-Ser-hay-que-Estar.mp3<\/a><\/audio>\t\t\t\t<\/div>\n\t\t\t\t<\/div>\n\t\t\t\t\t<\/div>\n\t\t<\/div>\n\t\t\t\t<div class=\"elementor-column elementor-col-33 elementor-top-column elementor-element elementor-element-6245c16\" data-id=\"6245c16\" data-element_type=\"column\" data-e-type=\"column\">\n\t\t\t<div class=\"elementor-widget-wrap elementor-element-populated\">\n\t\t\t\t\t\t<div class=\"elementor-element elementor-element-c940c1c elementor-widget elementor-widget-heading\" data-id=\"c940c1c\" data-element_type=\"widget\" data-e-type=\"widget\" data-widget_type=\"heading.default\">\n\t\t\t\t<div class=\"elementor-widget-container\">\n\t\t\t\t\t<h4 class=\"elementor-heading-title elementor-size-default\">Cap\u00edtulo 3<br>\nFeria de Ciencias - Director Le\u00f3n Camji<\/h4>\t\t\t\t<\/div>\n\t\t\t\t<\/div>\n\t\t\t\t<div class=\"elementor-element elementor-element-16dfba5 elementor-widget elementor-widget-wp-widget-media_audio\" data-id=\"16dfba5\" data-element_type=\"widget\" data-e-type=\"widget\" data-widget_type=\"wp-widget-media_audio.default\">\n\t\t\t\t<div class=\"elementor-widget-container\">\n\t\t\t\t\t<audio class=\"wp-audio-shortcode\" id=\"audio-11727-3\" preload=\"none\" style=\"width: 100%;\" controls=\"controls\"><source type=\"audio\/mpeg\" src=\"https:\/\/www.catamarca.edu.ar\/plataforma_educativa\/wp-content\/uploads\/2021\/08\/Capitulo-3-Feria-de-Ciencias-Director-Leon-Camji.mp3?_=3\" \/><source type=\"audio\/mpeg\" src=\"http:\/\/www.catamarca.edu.ar\/plataforma_educativa\/wp-content\/uploads\/2021\/08\/Capitulo-3-Feria-de-Ciencias-Director-Leon-Camji.mp3?_=3\" \/><a href=\"https:\/\/www.catamarca.edu.ar\/plataforma_educativa\/wp-content\/uploads\/2021\/08\/Capitulo-3-Feria-de-Ciencias-Director-Leon-Camji.mp3\">https:\/\/www.catamarca.edu.ar\/plataforma_educativa\/wp-content\/uploads\/2021\/08\/Capitulo-3-Feria-de-Ciencias-Director-Leon-Camji.mp3<\/a><\/audio>\t\t\t\t<\/div>\n\t\t\t\t<\/div>\n\t\t\t\t\t<\/div>\n\t\t<\/div>\n\t\t\t\t\t<\/div>\n\t\t<\/section>\n\t\t\t\t<section class=\"elementor-section elementor-top-section elementor-element elementor-element-2981b32 elementor-section-boxed elementor-section-height-default elementor-section-height-default\" data-id=\"2981b32\" data-element_type=\"section\" data-e-type=\"section\">\n\t\t\t\t\t\t<div class=\"elementor-container elementor-column-gap-default\">\n\t\t\t\t\t<div class=\"elementor-column elementor-col-100 elementor-top-column elementor-element elementor-element-61682cc\" data-id=\"61682cc\" data-element_type=\"column\" data-e-type=\"column\">\n\t\t\t<div class=\"elementor-widget-wrap elementor-element-populated\">\n\t\t\t\t\t\t<div class=\"elementor-element elementor-element-c9020fa elementor-widget elementor-widget-spacer\" data-id=\"c9020fa\" data-element_type=\"widget\" data-e-type=\"widget\" data-widget_type=\"spacer.default\">\n\t\t\t\t<div class=\"elementor-widget-container\">\n\t\t\t\t\t\t\t<div class=\"elementor-spacer\">\n\t\t\t<div class=\"elementor-spacer-inner\"><\/div>\n\t\t<\/div>\n\t\t\t\t\t\t<\/div>\n\t\t\t\t<\/div>\n\t\t\t\t\t<\/div>\n\t\t<\/div>\n\t\t\t\t\t<\/div>\n\t\t<\/section>\n\t\t\t\t<section class=\"elementor-section elementor-top-section elementor-element elementor-element-a22e67e elementor-section-boxed elementor-section-height-default elementor-section-height-default\" data-id=\"a22e67e\" data-element_type=\"section\" data-e-type=\"section\">\n\t\t\t\t\t\t<div class=\"elementor-container elementor-column-gap-default\">\n\t\t\t\t\t<div class=\"elementor-column elementor-col-33 elementor-top-column elementor-element elementor-element-3009ad5\" data-id=\"3009ad5\" data-element_type=\"column\" data-e-type=\"column\">\n\t\t\t<div class=\"elementor-widget-wrap elementor-element-populated\">\n\t\t\t\t\t\t<div class=\"elementor-element elementor-element-7b56441 elementor-widget elementor-widget-heading\" data-id=\"7b56441\" data-element_type=\"widget\" data-e-type=\"widget\" data-widget_type=\"heading.default\">\n\t\t\t\t<div class=\"elementor-widget-container\">\n\t\t\t\t\t<h4 class=\"elementor-heading-title elementor-size-default\">Cap\u00edtulo 4<br>\nProf. Jorge Perea - Bicentenario Autonom\u00eda de Catamarca<\/h4>\t\t\t\t<\/div>\n\t\t\t\t<\/div>\n\t\t\t\t<div class=\"elementor-element elementor-element-994188f elementor-widget elementor-widget-wp-widget-media_audio\" data-id=\"994188f\" data-element_type=\"widget\" data-e-type=\"widget\" data-widget_type=\"wp-widget-media_audio.default\">\n\t\t\t\t<div class=\"elementor-widget-container\">\n\t\t\t\t\t<audio class=\"wp-audio-shortcode\" id=\"audio-11727-4\" preload=\"none\" style=\"width: 100%;\" controls=\"controls\"><source type=\"audio\/mpeg\" src=\"https:\/\/www.catamarca.edu.ar\/plataforma_educativa\/wp-content\/uploads\/2021\/08\/Capitulo-4-Prof.-Jorge-Perea-Bicentenario-Autonomia-Catamarca.mp3?_=4\" \/><source type=\"audio\/mpeg\" src=\"http:\/\/www.catamarca.edu.ar\/plataforma_educativa\/wp-content\/uploads\/2021\/08\/Capitulo-4-Prof.-Jorge-Perea-Bicentenario-Autonomia-Catamarca.mp3?_=4\" \/><a href=\"https:\/\/www.catamarca.edu.ar\/plataforma_educativa\/wp-content\/uploads\/2021\/08\/Capitulo-4-Prof.-Jorge-Perea-Bicentenario-Autonomia-Catamarca.mp3\">https:\/\/www.catamarca.edu.ar\/plataforma_educativa\/wp-content\/uploads\/2021\/08\/Capitulo-4-Prof.-Jorge-Perea-Bicentenario-Autonomia-Catamarca.mp3<\/a><\/audio>\t\t\t\t<\/div>\n\t\t\t\t<\/div>\n\t\t\t\t\t<\/div>\n\t\t<\/div>\n\t\t\t\t<div class=\"elementor-column elementor-col-33 elementor-top-column elementor-element elementor-element-ce4f8a3\" data-id=\"ce4f8a3\" data-element_type=\"column\" data-e-type=\"column\">\n\t\t\t<div class=\"elementor-widget-wrap elementor-element-populated\">\n\t\t\t\t\t\t<div class=\"elementor-element elementor-element-7e8253e elementor-widget elementor-widget-heading\" data-id=\"7e8253e\" data-element_type=\"widget\" data-e-type=\"widget\" data-widget_type=\"heading.default\">\n\t\t\t\t<div class=\"elementor-widget-container\">\n\t\t\t\t\t<h4 class=\"elementor-heading-title elementor-size-default\">Cap\u00edtulo 5<br>\nFray Mamerto Esqui\u00fa, por el Historiador Marcelo Gershani Oviedo<\/h4>\t\t\t\t<\/div>\n\t\t\t\t<\/div>\n\t\t\t\t<div class=\"elementor-element elementor-element-84ff8d6 elementor-widget elementor-widget-wp-widget-media_audio\" data-id=\"84ff8d6\" data-element_type=\"widget\" data-e-type=\"widget\" data-widget_type=\"wp-widget-media_audio.default\">\n\t\t\t\t<div class=\"elementor-widget-container\">\n\t\t\t\t\t<audio class=\"wp-audio-shortcode\" id=\"audio-11727-5\" preload=\"none\" style=\"width: 100%;\" controls=\"controls\"><source type=\"audio\/mpeg\" src=\"https:\/\/www.catamarca.edu.ar\/plataforma_educativa\/wp-content\/uploads\/2021\/09\/Capitulo-5-Fray-Mamerto-Esquiu-por-el-Historiador-Marcelo-Gershani-Oviedo.mp3?_=5\" \/><source type=\"audio\/mpeg\" src=\"http:\/\/www.catamarca.edu.ar\/plataforma_educativa\/wp-content\/uploads\/2021\/09\/Capitulo-5-Fray-Mamerto-Esquiu-por-el-Historiador-Marcelo-Gershani-Oviedo.mp3?_=5\" \/><a href=\"https:\/\/www.catamarca.edu.ar\/plataforma_educativa\/wp-content\/uploads\/2021\/09\/Capitulo-5-Fray-Mamerto-Esquiu-por-el-Historiador-Marcelo-Gershani-Oviedo.mp3\">https:\/\/www.catamarca.edu.ar\/plataforma_educativa\/wp-content\/uploads\/2021\/09\/Capitulo-5-Fray-Mamerto-Esquiu-por-el-Historiador-Marcelo-Gershani-Oviedo.mp3<\/a><\/audio>\t\t\t\t<\/div>\n\t\t\t\t<\/div>\n\t\t\t\t\t<\/div>\n\t\t<\/div>\n\t\t\t\t<div class=\"elementor-column elementor-col-33 elementor-top-column elementor-element elementor-element-a125b6d\" data-id=\"a125b6d\" data-element_type=\"column\" data-e-type=\"column\">\n\t\t\t<div class=\"elementor-widget-wrap\">\n\t\t\t\t\t\t\t<\/div>\n\t\t<\/div>\n\t\t\t\t\t<\/div>\n\t\t<\/section>\n\t\t\t\t<section class=\"elementor-section elementor-top-section elementor-element elementor-element-4fe745f elementor-section-boxed elementor-section-height-default elementor-section-height-default\" data-id=\"4fe745f\" data-element_type=\"section\" data-e-type=\"section\">\n\t\t\t\t\t\t<div class=\"elementor-container elementor-column-gap-default\">\n\t\t\t\t\t<div class=\"elementor-column elementor-col-100 elementor-top-column elementor-element elementor-element-4fd5df2\" data-id=\"4fd5df2\" data-element_type=\"column\" data-e-type=\"column\">\n\t\t\t<div class=\"elementor-widget-wrap elementor-element-populated\">\n\t\t\t\t\t\t<div class=\"elementor-element elementor-element-16347cc elementor-widget elementor-widget-spacer\" data-id=\"16347cc\" data-element_type=\"widget\" data-e-type=\"widget\" data-widget_type=\"spacer.default\">\n\t\t\t\t<div class=\"elementor-widget-container\">\n\t\t\t\t\t\t\t<div class=\"elementor-spacer\">\n\t\t\t<div class=\"elementor-spacer-inner\"><\/div>\n\t\t<\/div>\n\t\t\t\t\t\t<\/div>\n\t\t\t\t<\/div>\n\t\t\t\t\t<\/div>\n\t\t<\/div>\n\t\t\t\t\t<\/div>\n\t\t<\/section>\n\t\t\t\t<\/div>\n\t\t","protected":false},"excerpt":{"rendered":"<p>Burbuja 3.0 Burbuja 3.0 es un recetario pedag\u00f3gico, donde podr\u00e1s encontrar la saz\u00f3n a las buenas pr\u00e1cticas pedag\u00f3gicas. Cap\u00edtulo 1 Burbuja Cap\u00edtulo 2 Para Ser, hay que Estar Cap\u00edtulo 3 Feria de Ciencias &#8211; Director Le\u00f3n Camji Cap\u00edtulo 4 Prof. Jorge Perea &#8211; Bicentenario Autonom\u00eda de Catamarca Cap\u00edtulo 5 Fray Mamerto Esqui\u00fa, por el Historiador&hellip; <br \/> <a class=\"read-more\" href=\"https:\/\/www.catamarca.edu.ar\/plataforma_educativa\/podcasts\/\">Read more<\/a><\/p>\n","protected":false},"author":2,"featured_media":0,"parent":0,"menu_order":0,"comment_status":"closed","ping_status":"closed","template":"","meta":{"footnotes":""},"class_list":["post-11727","page","type-page","status-publish","hentry"],"_links":{"self":[{"href":"https:\/\/www.catamarca.edu.ar\/plataforma_educativa\/wp-json\/wp\/v2\/pages\/11727","targetHints":{"allow":["GET"]}}],"collection":[{"href":"https:\/\/www.catamarca.edu.ar\/plataforma_educativa\/wp-json\/wp\/v2\/pages"}],"about":[{"href":"https:\/\/www.catamarca.edu.ar\/plataforma_educativa\/wp-json\/wp\/v2\/types\/page"}],"author":[{"embeddable":true,"href":"https:\/\/www.catamarca.edu.ar\/plataforma_educativa\/wp-json\/wp\/v2\/users\/2"}],"replies":[{"embeddable":true,"href":"https:\/\/www.catamarca.edu.ar\/plataforma_educativa\/wp-json\/wp\/v2\/comments?post=11727"}],"version-history":[{"count":125,"href":"https:\/\/www.catamarca.edu.ar\/plataforma_educativa\/wp-json\/wp\/v2\/pages\/11727\/revisions"}],"predecessor-version":[{"id":15372,"href":"https:\/\/www.catamarca.edu.ar\/plataforma_educativa\/wp-json\/wp\/v2\/pages\/11727\/revisions\/15372"}],"wp:attachment":[{"href":"https:\/\/www.catamarca.edu.ar\/plataforma_educativa\/wp-json\/wp\/v2\/media?parent=11727"}],"curies":[{"name":"wp","href":"https:\/\/api.w.org\/{rel}","templated":true}]}}