{"id":12762,"date":"2023-03-09T11:11:21","date_gmt":"2023-03-09T14:11:21","guid":{"rendered":"https:\/\/www.catamarca.edu.ar\/plataforma_educativa\/?page_id=12762"},"modified":"2025-03-31T10:20:11","modified_gmt":"2025-03-31T13:20:11","slug":"politicas-bienestar-equipo","status":"publish","type":"page","link":"https:\/\/www.catamarca.edu.ar\/plataforma_educativa\/politicas-bienestar-equipo\/","title":{"rendered":"Direcci\u00f3n Provincial de Pol\u00edticas de Bienestar"},"content":{"rendered":"\t\t<div data-elementor-type=\"wp-page\" data-elementor-id=\"12762\" class=\"elementor elementor-12762\">\n\t\t\t\t\t\t<section class=\"elementor-section elementor-top-section elementor-element elementor-element-55fd124 elementor-section-boxed elementor-section-height-default elementor-section-height-default\" data-id=\"55fd124\" data-element_type=\"section\" data-e-type=\"section\">\n\t\t\t\t\t\t<div class=\"elementor-container elementor-column-gap-default\">\n\t\t\t\t\t<div class=\"elementor-column elementor-col-100 elementor-top-column elementor-element elementor-element-1ebfe01\" data-id=\"1ebfe01\" data-element_type=\"column\" data-e-type=\"column\">\n\t\t\t<div class=\"elementor-widget-wrap elementor-element-populated\">\n\t\t\t\t\t\t<div class=\"elementor-element elementor-element-094f71c elementor-widget elementor-widget-heading\" data-id=\"094f71c\" data-element_type=\"widget\" data-e-type=\"widget\" data-widget_type=\"heading.default\">\n\t\t\t\t<div class=\"elementor-widget-container\">\n\t\t\t\t\t<h2 class=\"elementor-heading-title elementor-size-default\">Equipo de la Direcci\u00f3n Provincial de Pol\u00edticas de Bienestar<\/h2>\t\t\t\t<\/div>\n\t\t\t\t<\/div>\n\t\t\t\t\t<\/div>\n\t\t<\/div>\n\t\t\t\t\t<\/div>\n\t\t<\/section>\n\t\t\t\t<section class=\"elementor-section elementor-top-section elementor-element elementor-element-5ab199c elementor-section-boxed elementor-section-height-default elementor-section-height-default\" data-id=\"5ab199c\" data-element_type=\"section\" data-e-type=\"section\">\n\t\t\t\t\t\t<div class=\"elementor-container elementor-column-gap-default\">\n\t\t\t\t\t<div class=\"elementor-column elementor-col-100 elementor-top-column elementor-element elementor-element-53c6d69\" data-id=\"53c6d69\" data-element_type=\"column\" data-e-type=\"column\">\n\t\t\t<div class=\"elementor-widget-wrap elementor-element-populated\">\n\t\t\t\t\t\t<div class=\"elementor-element elementor-element-01e8c3c elementor-widget elementor-widget-text-editor\" data-id=\"01e8c3c\" data-element_type=\"widget\" data-e-type=\"widget\" data-widget_type=\"text-editor.default\">\n\t\t\t\t<div class=\"elementor-widget-container\">\n\t\t\t\t\t\t\t\t\t<p><span style=\"text-decoration: underline;\"><strong>DIRECTORA<\/strong><\/span><\/p><ul><li>Lic. Ivanna Noelia Barros<\/li><\/ul><p>\u00a0<\/p><p><span style=\"text-decoration: underline;\"><strong>EQUIPO TECNICO<\/strong><\/span><\/p><ul><li>Lic. Mar\u00eda Gabriela Vargas Fern\u00e1ndez<\/li><li>Lic. Noelia Soledad Vizcarra<\/li><li>Prof. Yesica Andrea Segura<\/li><li>Lic. Rita Romina Herrera<\/li><li>Lic. Mirian Anah\u00ed Flores<\/li><li>Lic. Mar\u00eda de los Angeles Aibar<\/li><li>A.T. Luciana Barboza Sierralta<\/li><\/ul><p>\u00a0<\/p><p><span style=\"text-decoration: underline;\"><strong>DESPACHO<\/strong><\/span><\/p><ul><li>Edgar Ance Ponce<\/li><li>Mar\u00eda Roc\u00edo Reyes<\/li><\/ul>\t\t\t\t\t\t\t\t<\/div>\n\t\t\t\t<\/div>\n\t\t\t\t\t<\/div>\n\t\t<\/div>\n\t\t\t\t\t<\/div>\n\t\t<\/section>\n\t\t\t\t<section class=\"elementor-section elementor-top-section elementor-element elementor-element-686e9a8 elementor-section-boxed elementor-section-height-default elementor-section-height-default\" data-id=\"686e9a8\" data-element_type=\"section\" data-e-type=\"section\">\n\t\t\t\t\t\t<div class=\"elementor-container elementor-column-gap-default\">\n\t\t\t\t\t<div class=\"elementor-column elementor-col-100 elementor-top-column elementor-element elementor-element-655bd85\" data-id=\"655bd85\" data-element_type=\"column\" data-e-type=\"column\">\n\t\t\t<div class=\"elementor-widget-wrap elementor-element-populated\">\n\t\t\t\t\t\t<div class=\"elementor-element elementor-element-0e78d4e elementor-widget elementor-widget-spacer\" data-id=\"0e78d4e\" data-element_type=\"widget\" data-e-type=\"widget\" data-widget_type=\"spacer.default\">\n\t\t\t\t<div class=\"elementor-widget-container\">\n\t\t\t\t\t\t\t<div class=\"elementor-spacer\">\n\t\t\t<div class=\"elementor-spacer-inner\"><\/div>\n\t\t<\/div>\n\t\t\t\t\t\t<\/div>\n\t\t\t\t<\/div>\n\t\t\t\t\t<\/div>\n\t\t<\/div>\n\t\t\t\t\t<\/div>\n\t\t<\/section>\n\t\t\t\t<\/div>\n\t\t","protected":false},"excerpt":{"rendered":"<p>Equipo de la Direcci\u00f3n Provincial de Pol\u00edticas de Bienestar DIRECTORA Lic. Ivanna Noelia Barros \u00a0 EQUIPO TECNICO Lic. Mar\u00eda Gabriela Vargas Fern\u00e1ndez Lic. Noelia Soledad Vizcarra Prof. Yesica Andrea Segura Lic. Rita Romina Herrera Lic. Mirian Anah\u00ed Flores Lic. Mar\u00eda de los Angeles Aibar A.T. Luciana Barboza Sierralta \u00a0 DESPACHO Edgar Ance Ponce Mar\u00eda Roc\u00edo&hellip; <br \/> <a class=\"read-more\" href=\"https:\/\/www.catamarca.edu.ar\/plataforma_educativa\/politicas-bienestar-equipo\/\">Read more<\/a><\/p>\n","protected":false},"author":2,"featured_media":0,"parent":0,"menu_order":0,"comment_status":"closed","ping_status":"closed","template":"","meta":{"footnotes":""},"class_list":["post-12762","page","type-page","status-publish","hentry"],"_links":{"self":[{"href":"https:\/\/www.catamarca.edu.ar\/plataforma_educativa\/wp-json\/wp\/v2\/pages\/12762","targetHints":{"allow":["GET"]}}],"collection":[{"href":"https:\/\/www.catamarca.edu.ar\/plataforma_educativa\/wp-json\/wp\/v2\/pages"}],"about":[{"href":"https:\/\/www.catamarca.edu.ar\/plataforma_educativa\/wp-json\/wp\/v2\/types\/page"}],"author":[{"embeddable":true,"href":"https:\/\/www.catamarca.edu.ar\/plataforma_educativa\/wp-json\/wp\/v2\/users\/2"}],"replies":[{"embeddable":true,"href":"https:\/\/www.catamarca.edu.ar\/plataforma_educativa\/wp-json\/wp\/v2\/comments?post=12762"}],"version-history":[{"count":42,"href":"https:\/\/www.catamarca.edu.ar\/plataforma_educativa\/wp-json\/wp\/v2\/pages\/12762\/revisions"}],"predecessor-version":[{"id":15263,"href":"https:\/\/www.catamarca.edu.ar\/plataforma_educativa\/wp-json\/wp\/v2\/pages\/12762\/revisions\/15263"}],"wp:attachment":[{"href":"https:\/\/www.catamarca.edu.ar\/plataforma_educativa\/wp-json\/wp\/v2\/media?parent=12762"}],"curies":[{"name":"wp","href":"https:\/\/api.w.org\/{rel}","templated":true}]}}