{"id":5059,"date":"2020-02-05T09:27:37","date_gmt":"2020-02-05T12:27:37","guid":{"rendered":"https:\/\/www.catamarca.edu.ar\/plataforma_educativa\/?page_id=5059"},"modified":"2021-02-17T09:26:43","modified_gmt":"2021-02-17T12:26:43","slug":"np-lineamientos-politicos-para-la-educacion-primaria","status":"publish","type":"page","link":"https:\/\/www.catamarca.edu.ar\/plataforma_educativa\/np-lineamientos-politicos-para-la-educacion-primaria\/","title":{"rendered":"Nivel Primario &#8211; Lineamientos Pol\u00edticos Para La Educaci\u00f3n Primaria"},"content":{"rendered":"\r\n<p>En el marco de los principios y objetivos anteriormente se\u00f1alados se definen y acuerdan a nivel federal y jurisdiccional los principales lineamientos de pol\u00edtica educativa para la educaci\u00f3n primaria. Los mismos constituyen el conjunto de orientaciones, ideas y sentidos que organizan las decisiones y acciones que se desarrollan tanto a nivel del Ministerio de Educaci\u00f3n como de las Instituciones Escolares, en relaci\u00f3n con tres prop\u00f3sitos principales:<\/p>\r\n\r\n\r\n\r\n<p>1 -El fortalecimiento de las pol\u00edticas de Igualdad e Inclusi\u00f3n.<\/p>\r\n\r\n\r\n\r\n<p>2 &#8211; El fortalecimiento y profundizaci\u00f3n de las pol\u00edticas de ense\u00f1anza.<\/p>\r\n\r\n\r\n\r\n<p>3 &#8211; El fortalecimiento de la gesti\u00f3n institucional, a nivel central y de las instituciones escolares.<\/p>\r\n\r\n\r\n\r\n<p>A trav\u00e9s de ellos se establecen un conjunto de decisiones centradas fundamentalmente en el cuidado de las trayectorias educativas de todos los estudiantes, especialmente de aquellos que se encuentran en contextos y situaciones m\u00e1s desfavorecidas, priorizando la centralidad de la ense\u00f1anza y del aprendizaje. Los mismos se concretizan en las siguientes l\u00edneas de acci\u00f3n:<br \/>Cuidado y fortalecimiento de las trayectorias escolares de todos los alumnos del sistema educativo, especialmente de aquellos que se encuentran en situaci\u00f3n de vulnerabilidad.<br \/>Constituye una prioridad el logro de trayectorias escolares continuas, sistem\u00e1ticas y completas, que posibiliten el egreso de todos los estudiantes con los conocimientos y saberes establecidos para la educaci\u00f3n primaria, preparatorios para la escuela secundaria. Se parte de la convicci\u00f3n de que todos los alumnos pueden aprender si se ofrecen las condiciones pedag\u00f3gicas adecuadas.<br \/>En la configuraci\u00f3n de cada trayectoria escolar se entraman diversos factores sociales, culturales, comunitarios, educativos, entre los cuales las concepciones y las propuestas<br \/>pedag\u00f3gicas tienen un lugar prioritario. Es por ello, que las propuestas institucionales y de ense\u00f1anza que se desarrollen en la escuela, cobran especial importancia en el cumplimiento de este objetivo prioritario.<br \/>El cuidado de las trayectorias escolares se encuentra regulado por la Resoluci\u00f3n del Consejo Federal N\u00ba 174\/12, en las que se aprueban pautas generales de trabajo que impactan en los modos de organizaci\u00f3n institucional, en la ense\u00f1anza, en la evaluaci\u00f3n y especialmente en las decisiones de promoci\u00f3n.<br \/><strong> La ampliaci\u00f3n del tiempo escolar.<\/strong><br \/>Constituye una decisi\u00f3n de pol\u00edtica educativa que busca el mejoramiento de las condiciones institucionales para la ense\u00f1anza y el aprendizaje en la escuela, ampliando uno de los componentes m\u00e1s relevantes de la organizaci\u00f3n escolar: el tiempo. Se propone alcanzar la meta prevista en las Leyes de Educaci\u00f3n que sostiene que las escuelas primarias sean de Jornada Extendida o Completa, garantizando un m\u00ednimo de 35 horas de clase semanal. Ello implica decisiones sobre la organizaci\u00f3n institucional y pedag\u00f3gica, dando la posibilidad a nuevos formatos escolares, que garanticen la inclusi\u00f3n educativa y el derecho de todos los ni\u00f1os y j\u00f3venes a acceder a un amplio abanico de experiencias cognitivas, afectivas y sociales, que les posibilite un desarrollo integral, sin saberes limitados, m\u00ednimos o simplificados.<br \/><strong> La implementaci\u00f3n de la Unidad Pedag\u00f3gica.<\/strong><br \/>A partir de la Resoluci\u00f3n del Consejo Federal N\u00ba 174\/12, suscripta por el Ministerio de Educaci\u00f3n Provincial se considera como unidad pedag\u00f3gica al 1\u00ba y 2\u00ba grado de la Escuela Primaria. Se constituye como un bloque pedag\u00f3gico, es decir un tiempo continuo y sin interrupciones para la adquisici\u00f3n de los primeros aprendizajes fundamentales para el nivel primario. Su implementaci\u00f3n abarca a la totalidad de las escuelas de la provincia y supone una nueva organizaci\u00f3n de la propuesta de ense\u00f1anza y de evaluaci\u00f3n, respetando los tiempos y ritmos de aprendizaje de los alumnos, sus saberes previos y sus avances en la adquisici\u00f3n de conocimientos.<br \/><strong> El fortalecimiento de la alfabetizaci\u00f3n inicial.<\/strong><br \/>El primer ciclo de la escuela primaria constituye una etapa fundamental en los procesos de alfabetizaci\u00f3n inicial, los aprendizajes realizados en ella son fundamentales y constituyen la estructura inicial para el aprendizaje de todos los dem\u00e1s contenidos de la escolaridad. Los procesos de alfabetizaci\u00f3n inicial se consideran claves en la construcci\u00f3n de trayectorias escolares continuas y s\u00f3lidas. En esta instancia se requiere de la puesta en marcha de estrategias y recursos para la ense\u00f1anza de la lengua que, frente a enfoques atomistas que la consideran un conjunto de letras, s\u00edlabas y sus combinaciones, proponga un enfoque integral que contribuya a desarrollar arm\u00f3nicamente y en profundidad el ingreso a la cultura escrita, es decir, que ponga a los ni\u00f1os en situaciones de escritura y de lectura desde el comienzo de la escolaridad.<br \/><strong> La profundizaci\u00f3n de la ense\u00f1anza de la lectura en la escuela primaria.<\/strong><br \/>La lectura constituye una de las estrategias principales de inclusi\u00f3n y de integraci\u00f3n a la cultura y la sociedad. Es considerada una acci\u00f3n prioritaria durante toda la escuela primaria.<br \/>A trav\u00e9s de distintos programas y l\u00edneas de acci\u00f3n, en los \u00faltimos a\u00f1os se han distribuidos libros y diversos materiales de lectura a las escuelas, como un modo de garantizar las condiciones materiales que posibiliten incentivarla y profundizarla. Se plantea un enfoque de la lectura que no s\u00f3lo promueva en los ni\u00f1os la profundizaci\u00f3n de procesos cognitivos asociados a la comprensi\u00f3n, la interpretaci\u00f3n y la construcci\u00f3n de mundos posibles, sino tambi\u00e9n que posibilite el desarrollo de h\u00e1bitos de lectura asociados a la capacidad de disfrutar y recrear el mundo de las letras.<br \/><strong> El fortalecimiento de la ense\u00f1anza de \u00e1reas curriculares: matem\u00e1tica, ciencias sociales, ciencias naturales, educaci\u00f3n f\u00edsica, educaci\u00f3n art\u00edstica, tecnolog\u00eda, idioma extranjero.<\/strong><br \/>La profundizaci\u00f3n de la ense\u00f1anza de las disciplinas y \u00e1reas que se encuentran definidas en la estructura curricular para la escuela primaria resulta una tarea central que la escuela debe plantearse en su propuesta pedag\u00f3gica. Resulta imprescindible promover procesos de actualizaci\u00f3n curricular, no s\u00f3lo en relaci\u00f3n con los marcos te\u00f3ricos y epistemol\u00f3gicos de las mismas, sino tambi\u00e9n en relaci\u00f3n a la did\u00e1ctica general y espec\u00edfica para su ense\u00f1anza. En este<br \/>sentido, el acompa\u00f1amiento pedag\u00f3gico a los maestros, tanto en las instancias de planificaci\u00f3n, como de desarrollo de la ense\u00f1anza y la evaluaci\u00f3n, resulta una tarea central de los equipos de gesti\u00f3n, de supervisi\u00f3n y t\u00e9cnicos.<br \/><strong> La ense\u00f1anza de temas transversales en la escuela.<\/strong><br \/>La Educaci\u00f3n Sexual Integral, la Educaci\u00f3n Vial, Educaci\u00f3n para la Memoria, el Cooperativismo, El cuidado del Ambiente, La educaci\u00f3n para el consumo, son considerados temas prioritarios para su tratamiento en la escuela primaria, previstos tanto en la Ley de Educaci\u00f3n Nacional como en la Jurisdiccional.<br \/>Considerando que el tratamiento de estos temas transversales est\u00e1 considerado dentro de las l\u00edneas de pol\u00edtica educativa, se deben trabajar en los espacios previstos para el nivel teniendo en cuenta su vinculaci\u00f3n pedag\u00f3gica curricular, las necesidades e intereses de los alumnos, las necesidades planteadas por el contexto y sus caracter\u00edsticas, teniendo en cuenta los lineamientos propuestos por el Ministerio de Educaci\u00f3n de la Naci\u00f3n.<br \/>En todos los casos las escuelas deben crear las condiciones necesarias para su tratamiento, considerando una prioridad la capacitaci\u00f3n docente, la provisi\u00f3n de material did\u00e1ctico, el trabajo interinstitucional y en redes a fin de dar cumplimiento a esta prescripci\u00f3n del curriculum.<br \/><strong> La ampliaci\u00f3n del uso de las Tics en la Escuela Primaria.<\/strong><br \/>La inclusi\u00f3n y la participaci\u00f3n en el mundo contempor\u00e1neo requieren la puesta en juego de competencias relacionadas al uso de las Nuevas Tecnolog\u00edas de la Informaci\u00f3n y la Comunicaci\u00f3n. El avance sistem\u00e1tico y cada vez m\u00e1s r\u00e1pido de la tecnolog\u00eda inform\u00e1tica, internet, las nuevas tecnolog\u00edas de la comunicaci\u00f3n, la telefon\u00eda celular, la comunicaci\u00f3n satelital, y el impacto de la cultura de la imagen y el sonido, entre otros, pone a la escuela ante el desaf\u00edo de incorporarlas en su trabajo cotidiano. Por ello, resulta imprescindible incorporar las TICS en la propuesta pedag\u00f3gica de la escuela de manera integral, sistem\u00e1tica y permanente, incentivando su uso desde el comienzo de la escolaridad.<br \/><strong> El fortalecimiento de la gesti\u00f3n institucional del Sistema Educativo y sus instituciones.<\/strong><br \/>El logro de los objetivos planteados para la educaci\u00f3n, especialmente para la educaci\u00f3n primaria, requiere una gesti\u00f3n institucional din\u00e1mica, flexible, proactiva que, fundada en los principios de inclusi\u00f3n, igualdad y calidad educativa, pueda renovar y desarrollar un proyecto pedag\u00f3gico-institucional democr\u00e1tico que involucre a todos los actores y que promueva el logro de aprendizajes significativos. Dentro de esta l\u00ednea cobran especial inter\u00e9s todas aquellas acciones destinadas a fortalecer los procesos de gesti\u00f3n priorizando la capacitaci\u00f3n, actualizaci\u00f3n y asistencia a equipos de supervisi\u00f3n y de conducci\u00f3n de las instituciones escolares. Esta l\u00ednea incluye tambi\u00e9n el acompa\u00f1amiento al desarrollo de jornadas institucionales destinadas a la capacitaci\u00f3n en servicio del personal de la escuela, y al establecimiento de acuerdos institucionales y curriculares que promuevan un mejoramiento significativo de los procesos de ense\u00f1anza.<\/p>\r\n","protected":false},"excerpt":{"rendered":"<p>En el marco de los principios y objetivos anteriormente se\u00f1alados se definen y acuerdan a nivel federal y jurisdiccional los principales lineamientos de pol\u00edtica educativa para la educaci\u00f3n primaria. Los mismos constituyen el conjunto de orientaciones, ideas y sentidos que organizan las decisiones y acciones que se desarrollan tanto a nivel del Ministerio de Educaci\u00f3n&hellip; <br \/> <a class=\"read-more\" href=\"https:\/\/www.catamarca.edu.ar\/plataforma_educativa\/np-lineamientos-politicos-para-la-educacion-primaria\/\">Read more<\/a><\/p>\n","protected":false},"author":2,"featured_media":0,"parent":0,"menu_order":0,"comment_status":"closed","ping_status":"closed","template":"template-full-width.php","meta":{"footnotes":""},"class_list":["post-5059","page","type-page","status-publish","hentry"],"_links":{"self":[{"href":"https:\/\/www.catamarca.edu.ar\/plataforma_educativa\/wp-json\/wp\/v2\/pages\/5059","targetHints":{"allow":["GET"]}}],"collection":[{"href":"https:\/\/www.catamarca.edu.ar\/plataforma_educativa\/wp-json\/wp\/v2\/pages"}],"about":[{"href":"https:\/\/www.catamarca.edu.ar\/plataforma_educativa\/wp-json\/wp\/v2\/types\/page"}],"author":[{"embeddable":true,"href":"https:\/\/www.catamarca.edu.ar\/plataforma_educativa\/wp-json\/wp\/v2\/users\/2"}],"replies":[{"embeddable":true,"href":"https:\/\/www.catamarca.edu.ar\/plataforma_educativa\/wp-json\/wp\/v2\/comments?post=5059"}],"version-history":[{"count":2,"href":"https:\/\/www.catamarca.edu.ar\/plataforma_educativa\/wp-json\/wp\/v2\/pages\/5059\/revisions"}],"predecessor-version":[{"id":9403,"href":"https:\/\/www.catamarca.edu.ar\/plataforma_educativa\/wp-json\/wp\/v2\/pages\/5059\/revisions\/9403"}],"wp:attachment":[{"href":"https:\/\/www.catamarca.edu.ar\/plataforma_educativa\/wp-json\/wp\/v2\/media?parent=5059"}],"curies":[{"name":"wp","href":"https:\/\/api.w.org\/{rel}","templated":true}]}}

Nivel Primario &#8211; Lineamientos Políticos Para La Educación Primaria

<p>En el marco de los principios y objetivos anteriormente señalados se definen y acuerdan a nivel federal y jurisdiccional los principales lineamientos de política educativa para la educación primaria. Los mismos constituyen el conjunto de orientaciones, ideas y sentidos que organizan las decisiones y acciones que se desarrollan tanto a nivel del Ministerio de Educación como de las Instituciones Escolares, en relación con tres propósitos principales:</p>



<p>1 -El fortalecimiento de las políticas de Igualdad e Inclusión.</p>



<p>2 &#8211; El fortalecimiento y profundización de las políticas de enseñanza.</p>



<p>3 &#8211; El fortalecimiento de la gestión institucional, a nivel central y de las instituciones escolares.</p>



<p>A través de ellos se establecen un conjunto de decisiones centradas fundamentalmente en el cuidado de las trayectorias educativas de todos los estudiantes, especialmente de aquellos que se encuentran en contextos y situaciones más desfavorecidas, priorizando la centralidad de la enseñanza y del aprendizaje. Los mismos se concretizan en las siguientes líneas de acción:<br />Cuidado y fortalecimiento de las trayectorias escolares de todos los alumnos del sistema educativo, especialmente de aquellos que se encuentran en situación de vulnerabilidad.<br />Constituye una prioridad el logro de trayectorias escolares continuas, sistemáticas y completas, que posibiliten el egreso de todos los estudiantes con los conocimientos y saberes establecidos para la educación primaria, preparatorios para la escuela secundaria. Se parte de la convicción de que todos los alumnos pueden aprender si se ofrecen las condiciones pedagógicas adecuadas.<br />En la configuración de cada trayectoria escolar se entraman diversos factores sociales, culturales, comunitarios, educativos, entre los cuales las concepciones y las propuestas<br />pedagógicas tienen un lugar prioritario. Es por ello, que las propuestas institucionales y de enseñanza que se desarrollen en la escuela, cobran especial importancia en el cumplimiento de este objetivo prioritario.<br />El cuidado de las trayectorias escolares se encuentra regulado por la Resolución del Consejo Federal Nº 174/12, en las que se aprueban pautas generales de trabajo que impactan en los modos de organización institucional, en la enseñanza, en la evaluación y especialmente en las decisiones de promoción.<br /><strong> La ampliación del tiempo escolar.</strong><br />Constituye una decisión de política educativa que busca el mejoramiento de las condiciones institucionales para la enseñanza y el aprendizaje en la escuela, ampliando uno de los componentes más relevantes de la organización escolar: el tiempo. Se propone alcanzar la meta prevista en las Leyes de Educación que sostiene que las escuelas primarias sean de Jornada Extendida o Completa, garantizando un mínimo de 35 horas de clase semanal. Ello implica decisiones sobre la organización institucional y pedagógica, dando la posibilidad a nuevos formatos escolares, que garanticen la inclusión educativa y el derecho de todos los niños y jóvenes a acceder a un amplio abanico de experiencias cognitivas, afectivas y sociales, que les posibilite un desarrollo integral, sin saberes limitados, mínimos o simplificados.<br /><strong> La implementación de la Unidad Pedagógica.</strong><br />A partir de la Resolución del Consejo Federal Nº 174/12, suscripta por el Ministerio de Educación Provincial se considera como unidad pedagógica al 1º y 2º grado de la Escuela Primaria. Se constituye como un bloque pedagógico, es decir un tiempo continuo y sin interrupciones para la adquisición de los primeros aprendizajes fundamentales para el nivel primario. Su implementación abarca a la totalidad de las escuelas de la provincia y supone una nueva organización de la propuesta de enseñanza y de evaluación, respetando los tiempos y ritmos de aprendizaje de los alumnos, sus saberes previos y sus avances en la adquisición de conocimientos.<br /><strong> El fortalecimiento de la alfabetización inicial.</strong><br />El primer ciclo de la escuela primaria constituye una etapa fundamental en los procesos de alfabetización inicial, los aprendizajes realizados en ella son fundamentales y constituyen la estructura inicial para el aprendizaje de todos los demás contenidos de la escolaridad. Los procesos de alfabetización inicial se consideran claves en la construcción de trayectorias escolares continuas y sólidas. En esta instancia se requiere de la puesta en marcha de estrategias y recursos para la enseñanza de la lengua que, frente a enfoques atomistas que la consideran un conjunto de letras, sílabas y sus combinaciones, proponga un enfoque integral que contribuya a desarrollar armónicamente y en profundidad el ingreso a la cultura escrita, es decir, que ponga a los niños en situaciones de escritura y de lectura desde el comienzo de la escolaridad.<br /><strong> La profundización de la enseñanza de la lectura en la escuela primaria.</strong><br />La lectura constituye una de las estrategias principales de inclusión y de integración a la cultura y la sociedad. Es considerada una acción prioritaria durante toda la escuela primaria.<br />A través de distintos programas y líneas de acción, en los últimos años se han distribuidos libros y diversos materiales de lectura a las escuelas, como un modo de garantizar las condiciones materiales que posibiliten incentivarla y profundizarla. Se plantea un enfoque de la lectura que no sólo promueva en los niños la profundización de procesos cognitivos asociados a la comprensión, la interpretación y la construcción de mundos posibles, sino también que posibilite el desarrollo de hábitos de lectura asociados a la capacidad de disfrutar y recrear el mundo de las letras.<br /><strong> El fortalecimiento de la enseñanza de áreas curriculares: matemática, ciencias sociales, ciencias naturales, educación física, educación artística, tecnología, idioma extranjero.</strong><br />La profundización de la enseñanza de las disciplinas y áreas que se encuentran definidas en la estructura curricular para la escuela primaria resulta una tarea central que la escuela debe plantearse en su propuesta pedagógica. Resulta imprescindible promover procesos de actualización curricular, no sólo en relación con los marcos teóricos y epistemológicos de las mismas, sino también en relación a la didáctica general y específica para su enseñanza. En este<br />sentido, el acompañamiento pedagógico a los maestros, tanto en las instancias de planificación, como de desarrollo de la enseñanza y la evaluación, resulta una tarea central de los equipos de gestión, de supervisión y técnicos.<br /><strong> La enseñanza de temas transversales en la escuela.</strong><br />La Educación Sexual Integral, la Educación Vial, Educación para la Memoria, el Cooperativismo, El cuidado del Ambiente, La educación para el consumo, son considerados temas prioritarios para su tratamiento en la escuela primaria, previstos tanto en la Ley de Educación Nacional como en la Jurisdiccional.<br />Considerando que el tratamiento de estos temas transversales está considerado dentro de las líneas de política educativa, se deben trabajar en los espacios previstos para el nivel teniendo en cuenta su vinculación pedagógica curricular, las necesidades e intereses de los alumnos, las necesidades planteadas por el contexto y sus características, teniendo en cuenta los lineamientos propuestos por el Ministerio de Educación de la Nación.<br />En todos los casos las escuelas deben crear las condiciones necesarias para su tratamiento, considerando una prioridad la capacitación docente, la provisión de material didáctico, el trabajo interinstitucional y en redes a fin de dar cumplimiento a esta prescripción del curriculum.<br /><strong> La ampliación del uso de las Tics en la Escuela Primaria.</strong><br />La inclusión y la participación en el mundo contemporáneo requieren la puesta en juego de competencias relacionadas al uso de las Nuevas Tecnologías de la Información y la Comunicación. El avance sistemático y cada vez más rápido de la tecnología informática, internet, las nuevas tecnologías de la comunicación, la telefonía celular, la comunicación satelital, y el impacto de la cultura de la imagen y el sonido, entre otros, pone a la escuela ante el desafío de incorporarlas en su trabajo cotidiano. Por ello, resulta imprescindible incorporar las TICS en la propuesta pedagógica de la escuela de manera integral, sistemática y permanente, incentivando su uso desde el comienzo de la escolaridad.<br /><strong> El fortalecimiento de la gestión institucional del Sistema Educativo y sus instituciones.</strong><br />El logro de los objetivos planteados para la educación, especialmente para la educación primaria, requiere una gestión institucional dinámica, flexible, proactiva que, fundada en los principios de inclusión, igualdad y calidad educativa, pueda renovar y desarrollar un proyecto pedagógico-institucional democrático que involucre a todos los actores y que promueva el logro de aprendizajes significativos. Dentro de esta línea cobran especial interés todas aquellas acciones destinadas a fortalecer los procesos de gestión priorizando la capacitación, actualización y asistencia a equipos de supervisión y de conducción de las instituciones escolares. Esta línea incluye también el acompañamiento al desarrollo de jornadas institucionales destinadas a la capacitación en servicio del personal de la escuela, y al establecimiento de acuerdos institucionales y curriculares que promuevan un mejoramiento significativo de los procesos de enseñanza.</p>

<p>En el marco de los principios y objetivos anteriormente señalados se definen y acuerdan a nivel federal y jurisdiccional los principales lineamientos de política educativa para la educación primaria. Los mismos constituyen el conjunto de orientaciones, ideas y sentidos que organizan las decisiones y acciones que se desarrollan tanto a nivel del Ministerio de Educación&hellip; <br /> <a class="read-more" href="https://www.catamarca.edu.ar/plataforma_educativa/np-lineamientos-politicos-para-la-educacion-primaria/">Read more</a></p>
