{"id":5065,"date":"2020-02-05T09:40:59","date_gmt":"2020-02-05T12:40:59","guid":{"rendered":"https:\/\/www.catamarca.edu.ar\/plataforma_educativa\/?page_id=5065"},"modified":"2021-02-17T09:27:20","modified_gmt":"2021-02-17T12:27:20","slug":"np-politica-curricular-para-la-educacion-primaria","status":"publish","type":"page","link":"https:\/\/www.catamarca.edu.ar\/plataforma_educativa\/np-politica-curricular-para-la-educacion-primaria\/","title":{"rendered":"Nivel Primario &#8211; Pol\u00edtica Curricular para la Educaci\u00f3n Primaria"},"content":{"rendered":"\r\n<h4 class=\"wp-block-heading\">Pol\u00edtica Curricular para la Educaci\u00f3n Primaria &#8211; Contenido<\/h4>\r\n\r\n\r\n\r\n<p><a href=\"#2\">Acerca de la definici\u00f3n del curriculum<\/a><br \/><a href=\"#3\">Los NAP y el Dise\u00f1o Curricular Provincial<\/a><br \/><a href=\"#4\">La Estructura curricular en el nivel<\/a><br \/><a href=\"#5\">JORNADA SIMPLE<\/a><br \/><a href=\"#6\">JORNADA COMPLETA Y COMPLETA CON ANEXO ALBERGUE<\/a><br \/><a href=\"#7\">JORNADA EXTENDIDA<\/a><\/p>\r\n\r\n<p><strong>Pol\u00edtica Curricular para la Educaci\u00f3n Primaria<\/strong><\/p>\r\n<p>Los principios y lineamientos de pol\u00edtica educativa de la Educaci\u00f3n Primaria, constituyen la base de las principales definiciones que estructuran el presente Dise\u00f1o Curricular para la Educaci\u00f3n Primaria de la Provincia. Los principios de calidad educativa, justicia curricular, igualdad y democratizaci\u00f3n de la ense\u00f1anza estructuran y dan sentido a las principales consideraciones y definiciones que se asumen en el documento, en tanto ser\u00e1 el fundamento que oriente la tarea pedag\u00f3gica en la escuela.<\/p>\r\n\r\n<p><strong>Acerca de la definici\u00f3n del curriculum<\/strong><a name=\"2\"><\/a><br \/>El debate actual sobre el curriculum pone de relieve la complejidad que reviste su definici\u00f3n y la necesidad de precisar el enfoque desde el cual se estructuran las decisiones que en \u00e9l se plasman. Se parte de una perspectiva curricular amplia que entiende al curriculum como un campo de controversias y tensiones, complejo, din\u00e1mico y flexible, que amerita la explicitaci\u00f3n de algunas conceptualizaciones que posibiliten comprender y dar sentido a las definiciones que se asumen.<br \/>En este sentido se adhiere a la perspectiva que considera al curr\u00edculum como un proyecto pol\u00edtico, hist\u00f3rico, cultural que asume una sociedad en un momento social determinado y en el que se expresan las tensiones y debates que se presentan entre la cultura hegem\u00f3nica y no hegem\u00f3nica, en la definici\u00f3n de aquello que se debe ense\u00f1ar en la escuela. I. Goodson (1995), Alicia de Alba (1995), Flavia Terigi (2006).<br \/>Alicia de Alba (1995) sostiene que el curriculum constituye una selecci\u00f3n, arbitraria y transitoria del patrimonio cultural de una sociedad, en un espacio geogr\u00e1fico y temporal determinado, en un contexto pol\u00edtico, hist\u00f3rico, cultural y social espec\u00edfico. Lo define como la s\u00edntesis de elementos culturales (conocimientos, valores, costumbres, creencias y h\u00e1bitos) que conforman una propuesta pol\u00edtico educativa pensada e impulsada por diversos grupos sociales cuyos intereses son diversos y contradictorios, aunque algunos tiendan a ser dominantes hegem\u00f3nicos y otros tiendan a oponerse y resistirse a tal dominaci\u00f3n- p\u00e1g. 59. In\u00e9s Dussel ( ) sostiene que es importante comprender al curriculum como un producto p\u00fablico de particular textura, en el que se expresan los acuerdos sociales sobre lo que debe transmitirse a las nuevas generaciones en el espacio escolar.<br \/>Desde este enfoque el Dise\u00f1o Curricular para la Educaci\u00f3n Primaria de la Provincia constituye el marco de acuerdos pol\u00edticos pedag\u00f3gicos, en relaci\u00f3n con la selecci\u00f3n de objetivos, saberes, y orientaciones para la ense\u00f1anza y el aprendizaje elaborados en distintas instancias de debate con docentes y especialistas de la provincia, a partir del cual la escuela deber\u00e1 definir y armar su propuesta curricular institucional acorde al contexto, a la poblaci\u00f3n que atiende y a las demandas y necesidades que se le planteen.<\/p>\r\n\r\n\r\n\r\n<p><strong>Los NAP y el Dise\u00f1o Curricular Provincial.<\/strong><a name=\"3\"><\/a><br \/>Los N\u00facleos de Aprendizaje Prioritarios para la Educaci\u00f3n Primaria constituyen por definici\u00f3n el primer nivel de especificaci\u00f3n curricular. Son el resultado del acuerdo federal expresado en la RCF N\u00ba 214\/04 del CFE, y tienen el prop\u00f3sito de contribuir a asegurar la unidad del sistema educativo nacional, garantizando que todos los habitantes de la Rep\u00fablica Argentina alcancen competencias, capacidades y saberes equivalentes. De alguna manera, son los NAP los que contribuyen a garantizar la unidad y coherencia del sistema educativo nacional, posibilitando por ejemplo la movilidad interjurisdiccional de los alumnos.<br \/>Sobre la base de los acuerdos celebrados en los NAP se definen los Dise\u00f1os Curriculares Provinciales, como expresi\u00f3n de los saberes que incluyen los principios, los sentidos, los valores y las pautas culturales y tradicionales de la jurisdicci\u00f3n. En ellos se incorporan saberes propios de la regi\u00f3n y la provincia, su historia, su geograf\u00eda, sus lenguajes, su arte. Un dise\u00f1o que complementa la construcci\u00f3n de una identidad nacional, respetuosa de la soberan\u00eda y de la patria grande, con la construcci\u00f3n de una identidad provincial, respetuosa de los ancestros, de las culturas originarias que precedieron y que son parte de la vida cotidiana actual. En s\u00edntesis, en el dise\u00f1o curricular provincial se juega la articulaci\u00f3n\/tensi\u00f3n entre lo nacional y lo provincial como un modo de construcci\u00f3n de una ciudadan\u00eda responsable y cr\u00edtica, comprometida con la construcci\u00f3n de la Naci\u00f3n, pero fundamentalmente con el crecimiento y desarrollo de la Provincia de Catamarca.<\/p>\r\n\r\n\r\n\r\n<p><strong>La Estructura curricular en el nivel<\/strong><a name=\"4\"><\/a><br \/>La estructura curricular definida para el nivel se elabor\u00f3 teniendo en cuenta el enfoque integral y participativo que asume este documento jurisdiccional.<br \/>Se incorporan nuevos espacios curriculares prescriptos en la Ley de Educaci\u00f3n Nacional N\u00b0 26.206, tales como idioma extranjero, y dentro del \u00e1rea art\u00edstica, teatro y danza. Por esta raz\u00f3n en las escuelas de jornada simple se ampl\u00eda el tiempo escolar con una hora de clase m\u00e1s en tres de los cinco d\u00edas de la semana a fin de posibilitar la incorporaci\u00f3n de ellos.<br \/>En la elaboraci\u00f3n de la propuesta de jornada simple, jornada extendida y jornada completa, se sostiene un equilibrio en la distribuci\u00f3n de horas c\u00e1tedra entre algunos espacios del nivel, teniendo en cuenta las nuevas perspectivas de ense\u00f1anza y de aprendizaje, sobre todo en los procesos de alfabetizaci\u00f3n inicial y avanzada. Se pretende con ello otorgar una misma jerarqu\u00eda e importancia a todos los contenidos de las 4 \u00e1reas consideradas como estructurales en los dise\u00f1os del nivel.<br \/>La propuesta de jornada extendida tiene en cuenta las prescripciones dadas por el ministerio de Educaci\u00f3n de la Naci\u00f3n a trav\u00e9s de los documentos orientadores para la implementaci\u00f3n de la extensi\u00f3n horaria en el segundo ciclo de la educaci\u00f3n primaria, con las adecuaciones pertinentes al contexto de la jurisdicci\u00f3n.<\/p>\r\n\r\n\r\n\r\n<p><strong>JORNADA SIMPLE<\/strong><\/p>\r\n<p><a name=\"5\"><\/a><\/p>\r\n\r\n\r\n\r\n<figure class=\"wp-block-image size-large\"><img decoding=\"async\" class=\"wp-image-5077\" src=\"http:\/\/172.16.131.3:8000\/plataforma_educativa\/wp-content\/uploads\/2020\/02\/planilla-primaria.jpg\" alt=\"\" \/><\/figure>\r\n\r\n\r\n\r\n<p>Esta estructura curricular contempla en cada a\u00f1o una 7\u00ba hora, tres veces a la semana para el cumplimiento de la misma. En los Lenguajes Art\u00edsticos, dentro de las 4 horas establecidas deben contemplarse los cuatro lenguajes: Teatro, M\u00fasica, Pl\u00e1stica y Danzas.<\/p>\r\n\r\n\r\n\r\n<p><strong>JORNADA COMPLETA Y COMPLETA CON ANEXO ALBERGUE<\/strong><\/p>\r\n<p><a name=\"6\"><\/a><\/p>\r\n\r\n\r\n\r\n<figure class=\"wp-block-image size-large\"><img decoding=\"async\" class=\"wp-image-5079\" src=\"http:\/\/172.16.131.3:8000\/plataforma_educativa\/wp-content\/uploads\/2020\/02\/planilla-primaria01.jpg\" alt=\"\" \/><\/figure>\r\n\r\n\r\n\r\n<p>(*) Educaci\u00f3n Sexual integral. Educaci\u00f3n Ambiental. Educaci\u00f3n para el Consumo. Educaci\u00f3n Vial.<\/p>\r\n\r\n\r\n\r\n<p>(**) Coro- Instrumentos- Orquesta- Danza Contempor\u00e1nea- Folkl\u00f3rica- Expresi\u00f3n Corporal.<\/p>\r\n\r\n\r\n\r\n<p><em><strong>(<\/strong><\/em>***) Dibujo- Pintura-Escultura- Arte Digital y Audiovisual-Fotograf\u00eda- Arte textil-Dise\u00f1o.Teatro.<br \/>La Escuela, seg\u00fan los intereses de los alumnos y los recursos disponibles, deber\u00e1 elegir entre el men\u00fa de talleres optativos, DOS de ellos para completar la carga horaria requerida en la Jornada Completa.<\/p>\r\n\r\n\r\n\r\n<p><strong>JORNADA EXTENDIDA<\/strong><\/p>\r\n<p><a name=\"7\"><\/a><\/p>\r\n\r\n\r\n\r\n<figure class=\"wp-block-image size-large\"><img decoding=\"async\" class=\"wp-image-5082\" src=\"http:\/\/172.16.131.3:8000\/plataforma_educativa\/wp-content\/uploads\/2020\/02\/planilla-primaria02.jpg\" alt=\"\" \/><\/figure>\r\n\r\n\r\n\r\n<p>La Jornada Escolar Ampliada supone una reconsideraci\u00f3n profunda del tiempo y de espacio escolar, de las formas de organizar agrupamientos en cada instituci\u00f3n, junto con la priorizaci\u00f3n de determinados saberes.<br \/>A la estructura conformada por los espacios curriculares tradicionales se agrega el espacio obligatorio de Acompa\u00f1amiento al Estudio, y 8 horas institucionales que se distribuyen en los tres a\u00f1os del Ciclo a efectos de diversificar la propuesta pedag\u00f3gica, configur\u00e1ndose esta como una unidad atravesada por el aula taller como opci\u00f3n did\u00e1ctica en toda la jornada.<br \/>La ampliaci\u00f3n del tiempo escolar est\u00e1 orientada a profundizar y resinificar:<\/p>\r\n\r\n\r\n\r\n<ol class=\"wp-block-list\">\r\n<li>Los saberes que tradicionalmente se ense\u00f1an en la escuela: Lengua, Matem\u00e1tica;<\/li>\r\n<li>Los saberes propios del curr\u00edculum pero que hab\u00edan quedado relegados: Ciencias Naturales, Ciencias Sociales, \u00c1reas art\u00edsticas, la Formaci\u00f3n \u00c9tica y Ciudadana, Educaci\u00f3n F\u00edsica;<\/li>\r\n<li>Los saberes que conforman el universo cultural de la contemporaneidad: saberes vinculados a los medios de comunicaci\u00f3n, las nuevas tecnolog\u00edas, otras lenguas y otras disciplinas art\u00edsticas en el caso de Teatro y Danza.<br \/>Cada propuesta curricular, en el marco de la ampliaci\u00f3n del tiempo escolar podr\u00e1 ser variable y contar con un m\u00ednimo de dos horas c\u00e1tedras semanales.<br \/>Se buscar\u00e1 enfatizar un acercamiento progresivo a los saberes, recursivo, que muestre distintos aspectos que llevar\u00e1n a conocer saberes en profundidad, que permita la recapitulaci\u00f3n que se constituir\u00e1 luego en nuevo punto de partida de otros saberes.<br \/>Se sugiere utilizar los bloques de 80 minutos sin fragmentar ya que resulta m\u00e1s provechoso para el desarrollo de las propuestas de ense\u00f1anza.<br \/>Los espacios podr\u00e1n tener cursado anual en su mayor\u00eda y en el caso de los cubiertos con las horas institucionales se sugiere que puedan ser de cursado cuatrimestral.<\/li>\r\n<\/ol>\r\n\r\n\r\n\r\n<p>&nbsp;<\/p>\r\n","protected":false},"excerpt":{"rendered":"<p>Pol\u00edtica Curricular para la Educaci\u00f3n Primaria &#8211; Contenido Acerca de la definici\u00f3n del curriculumLos NAP y el Dise\u00f1o Curricular ProvincialLa Estructura curricular en el nivelJORNADA SIMPLEJORNADA COMPLETA Y COMPLETA CON ANEXO ALBERGUEJORNADA EXTENDIDA Pol\u00edtica Curricular para la Educaci\u00f3n Primaria Los principios y lineamientos de pol\u00edtica educativa de la Educaci\u00f3n Primaria, constituyen la base de las&hellip; <br \/> <a class=\"read-more\" href=\"https:\/\/www.catamarca.edu.ar\/plataforma_educativa\/np-politica-curricular-para-la-educacion-primaria\/\">Read more<\/a><\/p>\n","protected":false},"author":2,"featured_media":0,"parent":0,"menu_order":0,"comment_status":"closed","ping_status":"closed","template":"template-full-width.php","meta":{"footnotes":""},"class_list":["post-5065","page","type-page","status-publish","hentry"],"_links":{"self":[{"href":"https:\/\/www.catamarca.edu.ar\/plataforma_educativa\/wp-json\/wp\/v2\/pages\/5065","targetHints":{"allow":["GET"]}}],"collection":[{"href":"https:\/\/www.catamarca.edu.ar\/plataforma_educativa\/wp-json\/wp\/v2\/pages"}],"about":[{"href":"https:\/\/www.catamarca.edu.ar\/plataforma_educativa\/wp-json\/wp\/v2\/types\/page"}],"author":[{"embeddable":true,"href":"https:\/\/www.catamarca.edu.ar\/plataforma_educativa\/wp-json\/wp\/v2\/users\/2"}],"replies":[{"embeddable":true,"href":"https:\/\/www.catamarca.edu.ar\/plataforma_educativa\/wp-json\/wp\/v2\/comments?post=5065"}],"version-history":[{"count":2,"href":"https:\/\/www.catamarca.edu.ar\/plataforma_educativa\/wp-json\/wp\/v2\/pages\/5065\/revisions"}],"predecessor-version":[{"id":9404,"href":"https:\/\/www.catamarca.edu.ar\/plataforma_educativa\/wp-json\/wp\/v2\/pages\/5065\/revisions\/9404"}],"wp:attachment":[{"href":"https:\/\/www.catamarca.edu.ar\/plataforma_educativa\/wp-json\/wp\/v2\/media?parent=5065"}],"curies":[{"name":"wp","href":"https:\/\/api.w.org\/{rel}","templated":true}]}}