{"id":5091,"date":"2020-02-06T08:33:30","date_gmt":"2020-02-06T11:33:30","guid":{"rendered":"https:\/\/www.catamarca.edu.ar\/plataforma_educativa\/?page_id=5091"},"modified":"2024-05-13T08:41:55","modified_gmt":"2024-05-13T11:41:55","slug":"ni-alfabetizacion-en-la-educacion-inicial","status":"publish","type":"page","link":"https:\/\/www.catamarca.edu.ar\/plataforma_educativa\/ni-alfabetizacion-en-la-educacion-inicial\/","title":{"rendered":"Nivel Inicial &#8211; Alfabetizaci\u00f3n en la Educaci\u00f3n Inicial"},"content":{"rendered":"\t\t<div data-elementor-type=\"wp-page\" data-elementor-id=\"5091\" class=\"elementor elementor-5091\">\n\t\t\t\t\t\t<section class=\"elementor-section elementor-top-section elementor-element elementor-element-235c945c elementor-section-boxed elementor-section-height-default elementor-section-height-default\" data-id=\"235c945c\" data-element_type=\"section\" data-e-type=\"section\">\n\t\t\t\t\t\t<div class=\"elementor-container elementor-column-gap-default\">\n\t\t\t\t\t<div class=\"elementor-column elementor-col-100 elementor-top-column elementor-element elementor-element-1d692c29\" data-id=\"1d692c29\" data-element_type=\"column\" data-e-type=\"column\">\n\t\t\t<div class=\"elementor-widget-wrap elementor-element-populated\">\n\t\t\t\t\t\t<div class=\"elementor-element elementor-element-5a9f223f elementor-widget elementor-widget-text-editor\" data-id=\"5a9f223f\" data-element_type=\"widget\" data-e-type=\"widget\" data-widget_type=\"text-editor.default\">\n\t\t\t\t<div class=\"elementor-widget-container\">\n\t\t\t\t\t\t\t\t\t\r\n<p>La Ley de Educaci\u00f3n Nacional N\u00b0 26.206\/06 reconoce expl\u00edcitamente a la Alfabetizaci\u00f3n como proceso formador de ciudadan\u00eda; y tambi\u00e9n contempla los derechos a que los ni\u00f1os reciban una formaci\u00f3n integral, enmarcado este concepto en valores de libertad, paz, solidaridad, igualdad, respeto a la diversidad, justicia, responsabilidad y bien com\u00fan.<br \/>Por lo tanto, la alfabetizaci\u00f3n en la Educaci\u00f3n Inicial estar\u00e1 orientada a propiciar la formaci\u00f3n integral, la ampliaci\u00f3n de repertorios culturales, la participaci\u00f3n de los ni\u00f1os en experiencias varias para conocer, aprender y entender la realidad a trav\u00e9s de la apropiaci\u00f3n de saberes que remiten a m\u00faltiples lenguajes y campos de experiencias. La alfabetizaci\u00f3n cultural hace referencia a la participaci\u00f3n en las formas de hacer y pensar que se ponen en juego a trav\u00e9s de m\u00faltiples lenguajes. Concebir la alfabetizaci\u00f3n desde este lugar implica no circunscribirla s\u00f3lo al \u00e1rea de Lengua, sino \u201c\u2026 al conjunto de saberes que implican el contacto con una diversidad de lenguajes (matem\u00e1ticos, tecnol\u00f3gicos, cient\u00edficos, art\u00edstico, corporal entre otros)\u201d<br \/>Frabboni (1985) define la alfabetizaci\u00f3n como \u201c\u2026 el proceso cognitivo-creativo de comprensi\u00f3n y reelaboraci\u00f3n del universo perceptivo-simb\u00f3lico-l\u00f3gico-imaginativo, producto de la cultura de una determinada \u00e9poca hist\u00f3rica\u2026\u201d. En este sentido el compromiso de la Educaci\u00f3n Inicial respecto de la progresiva alfabetizaci\u00f3n cultural de los ni\u00f1os, representa uno de los ejes en torno al cual se estructura la propuesta curricular.<br \/>La Educaci\u00f3n Inicial ofrece a los ni\u00f1os la posibilidad de aprehender el mundo a trav\u00e9s de la participaci\u00f3n mediada por los maestros en contextos enriquecedores y alfabetizadores en sentido amplio \u201cEste es otro tipo de enriquecimiento que las escuelas infantiles pueden ofrecer a sus beneficiarios: abrirles al mundo que les rodea de una forma amplia e intensa. Al mundo natural, al social, al cultural, al l\u00fadico. La escuela infantil es como un gran \u201cojo de buey\u201d y un taller de experiencias que permiten primero mirar y despu\u00e9s disfrutar de una manera enriquecida de todo lo que nos rodea\u201d (Zabalza. 2003).<br \/>La funci\u00f3n formativa de la alfabetizaci\u00f3n en la Educaci\u00f3n Inicial es la ampliaci\u00f3n de repertorios culturales y la transmisi\u00f3n sistem\u00e1tica de bienes simb\u00f3licos que entraman la variedad de campos del conocimiento que conforman el patrimonio cultural. Esto requiere que los Docentes consideren como b\u00e1sicos en la selecci\u00f3n de contenidos, los criterios de calidad y pertinencia a las posibilidades de los ni\u00f1os peque\u00f1os.<\/p>\r\n\t\t\t\t\t\t\t\t<\/div>\n\t\t\t\t<\/div>\n\t\t\t\t\t<\/div>\n\t\t<\/div>\n\t\t\t\t\t<\/div>\n\t\t<\/section>\n\t\t\t\t<section class=\"elementor-section elementor-top-section elementor-element elementor-element-ddd3667 elementor-section-boxed elementor-section-height-default elementor-section-height-default\" data-id=\"ddd3667\" data-element_type=\"section\" data-e-type=\"section\">\n\t\t\t\t\t\t<div class=\"elementor-container elementor-column-gap-default\">\n\t\t\t\t\t<div class=\"elementor-column elementor-col-100 elementor-top-column elementor-element elementor-element-9e859c1\" data-id=\"9e859c1\" data-element_type=\"column\" data-e-type=\"column\">\n\t\t\t<div class=\"elementor-widget-wrap elementor-element-populated\">\n\t\t\t\t\t\t<div class=\"elementor-element elementor-element-57c0a3d elementor-widget elementor-widget-spacer\" data-id=\"57c0a3d\" data-element_type=\"widget\" data-e-type=\"widget\" data-widget_type=\"spacer.default\">\n\t\t\t\t<div class=\"elementor-widget-container\">\n\t\t\t\t\t\t\t<div class=\"elementor-spacer\">\n\t\t\t<div class=\"elementor-spacer-inner\"><\/div>\n\t\t<\/div>\n\t\t\t\t\t\t<\/div>\n\t\t\t\t<\/div>\n\t\t\t\t\t<\/div>\n\t\t<\/div>\n\t\t\t\t\t<\/div>\n\t\t<\/section>\n\t\t\t\t<\/div>\n\t\t","protected":false},"excerpt":{"rendered":"<p>La Ley de Educaci\u00f3n Nacional N\u00b0 26.206\/06 reconoce expl\u00edcitamente a la Alfabetizaci\u00f3n como proceso formador de ciudadan\u00eda; y tambi\u00e9n contempla los derechos a que los ni\u00f1os reciban una formaci\u00f3n integral, enmarcado este concepto en valores de libertad, paz, solidaridad, igualdad, respeto a la diversidad, justicia, responsabilidad y bien com\u00fan.Por lo tanto, la alfabetizaci\u00f3n en la&hellip; <br \/> <a class=\"read-more\" href=\"https:\/\/www.catamarca.edu.ar\/plataforma_educativa\/ni-alfabetizacion-en-la-educacion-inicial\/\">Read more<\/a><\/p>\n","protected":false},"author":2,"featured_media":0,"parent":0,"menu_order":0,"comment_status":"closed","ping_status":"closed","template":"","meta":{"footnotes":""},"class_list":["post-5091","page","type-page","status-publish","hentry"],"_links":{"self":[{"href":"https:\/\/www.catamarca.edu.ar\/plataforma_educativa\/wp-json\/wp\/v2\/pages\/5091","targetHints":{"allow":["GET"]}}],"collection":[{"href":"https:\/\/www.catamarca.edu.ar\/plataforma_educativa\/wp-json\/wp\/v2\/pages"}],"about":[{"href":"https:\/\/www.catamarca.edu.ar\/plataforma_educativa\/wp-json\/wp\/v2\/types\/page"}],"author":[{"embeddable":true,"href":"https:\/\/www.catamarca.edu.ar\/plataforma_educativa\/wp-json\/wp\/v2\/users\/2"}],"replies":[{"embeddable":true,"href":"https:\/\/www.catamarca.edu.ar\/plataforma_educativa\/wp-json\/wp\/v2\/comments?post=5091"}],"version-history":[{"count":6,"href":"https:\/\/www.catamarca.edu.ar\/plataforma_educativa\/wp-json\/wp\/v2\/pages\/5091\/revisions"}],"predecessor-version":[{"id":15109,"href":"https:\/\/www.catamarca.edu.ar\/plataforma_educativa\/wp-json\/wp\/v2\/pages\/5091\/revisions\/15109"}],"wp:attachment":[{"href":"https:\/\/www.catamarca.edu.ar\/plataforma_educativa\/wp-json\/wp\/v2\/media?parent=5091"}],"curies":[{"name":"wp","href":"https:\/\/api.w.org\/{rel}","templated":true}]}}