{"id":5265,"date":"2020-02-10T09:10:54","date_gmt":"2020-02-10T12:10:54","guid":{"rendered":"https:\/\/www.catamarca.edu.ar\/plataforma_educativa\/?page_id=5265"},"modified":"2021-02-17T09:22:20","modified_gmt":"2021-02-17T12:22:20","slug":"ni-bibliografia-general","status":"publish","type":"page","link":"https:\/\/www.catamarca.edu.ar\/plataforma_educativa\/ni-bibliografia-general\/","title":{"rendered":"Nivel Inicial &#8211; Bibliograf\u00eda General"},"content":{"rendered":"\r\n<p>AZZERBONI, DELIA (2000) &#8211; Evaluaci\u00f3n en el Nivel Inicial: herramientas y objetivos\u201d<br \/>Ediciones Novedades Educativas. Buenos Aires. Argentina.<br \/>AZZERBONI, DELIA Y OTROS (2013) &#8211; Qu\u00e9 pasa con la evaluaci\u00f3n en la Educaci\u00f3n<br \/>Inicial &#8211; Editorial Hola Chicos. Buenos Aires. Argentina.<br \/>CARR, W. y KEMIS, S. (1.999) \u2013 El Curriculum: M\u00e1s All\u00e1 de la Teor\u00eda de la<br \/>Reproducci\u00f3n. Morata. Espa\u00f1a.<br \/>CALMELS, Daniel (2001) &#8211; Los juegos de Crianza. Novedades Educativas. Buenos Aires. Argentina.<br \/>CONNEL, R. W. (1.997) \u2013 Escuelas y Justicia Social. Cap\u00edtulo IV: La Justicia Curricular. Morata. Espa\u00f1a<br \/>CONSEJO FEDERAL DE EDUCACI\u00d3N DE LA NACI\u00d3N ARGENTINA (2006) \u2013 N\u00facleos de Aprendizajes prioritarios para la Educ CONSEJO FEDERAL DE EDUCACI\u00d3N \u2013<br \/>Lineamientos Curriculares para la Educaci\u00f3n Sexual Integral. Buenos Aires. Argentina.<br \/>DIAZ, Nancy; GARCIA OLMEDO, Adriana; MONTALVAN, Esther; MORRA, Hayd\u00e9 (2011)- Conferencias en el marco de los Lineamientos del Foro Nacional de Curr\u00edculum \u201cPOL\u00cdTICAS DE ENSE\u00d1ANZA EN EDUCACI\u00d3N INICIAL Y DEFINICIONES CURRICULARES &#8211; Ministerio de Educaci\u00f3n de la Naci\u00f3n \u2013 Direcci\u00f3n de Nivel Inicial. Buenos Aires. Argentina.<br \/>DIAZ, Silvia; PEREZ, Ana (2015) \u2013 Propuestas de Trabajo, Orientaciones e Informes del Proceso de Dise\u00f1o Curricular Provincial para la Educaci\u00f3n Inicial. Ministerio de Educaci\u00f3n, Ciencia y Tecnolog\u00eda de la Provincia de Catamarca. Sub-Secretarias de Planeamiento Educativo y de Gesti\u00f3n Educativa. Direcci\u00f3n de Educaci\u00f3n Inicial. Argentina<br \/>DIRECCI\u00d3N GENERAL DE CULTURA Y EDUCACI\u00d3N DE LA PROVINCIA DE<br \/>BUENOS AIRES (2008) \u2013 Dise\u00f1o Curricular de la Educaci\u00f3n Inicial, Coordinado por Elisa Spakowsky. La Plata. Argentina. Argentina.<br \/>GARCIA OLMEDO, Adriana, MONTALVAN, Esther, MORRA Haydee. IBA\u00d1EZ, Cristina;<br \/>NORIEGA, Hayde\u00e9 (2005-2010) \u2013 Registros de Aportes de los Congresos Provinciales de Educaci\u00f3n 2005-2010. Catamarca. Argentina.<br \/>LEY DE EDUCACI\u00d3N NACIONAL N\u00b0 26.206 \/ 06 \u2013 Ministerio de Educaci\u00f3n de la Naci\u00f3n. Rep\u00fablica Argentina.<br \/>LEY DE CULTURA Y EDUCACI\u00d2N DE LA PROVINCIA DE CATAMARCA N\u00b0 5381. Decreto 2269\/13.<br \/>LUNDGREN, U.P. (2000)- Teor\u00eda del Curr\u00edculo y Escolarizaci\u00f3n. Morata. Espa\u00f1a &#8211; Morata<br \/>MALAJOVICH, Ana (2000) &#8211; Recorridos Did\u00e1cticos en la Educaci\u00f3n Inicial. Paid\u00f3s. Buenos Aires. Argentina.<br \/>MALAJOVICH, Ana (2015) \u2013informes de Devoluci\u00f3n-Evaluaci\u00f3n de Versi\u00f3n Preliminar Dise\u00f1o Curricular para la Educaci\u00f3n Inicial de la Provincia de Catamarca. Ministerio de Educaci\u00f3n. Presidencia de la Naci\u00f3n. Argentina.<br \/>MINISTERIO DE EDUCACI\u00d3N CIENCIA Y TECNOLOG\u00cdA DE LA PROVINCIA DE BUENOS AIRES (2008) \u2013 Dise\u00f1o Curricular para el Nivel Inicial. Buenos Aires. Argentina<br \/>MINISTERIO DE EDUCACI\u00d3N CIENCIA Y TECNOLOG\u00cdA DE LA CIUDAD AUTON\u00d3MA DE BUENOS AIRES (2011). Dise\u00f1o Curricular para la Educaci\u00f3n Inicial de la Ciudad Aut\u00f3noma de Buenos Aires. Argentina<br \/>MINISTERIO DE EDUCACI\u00d3N CIENCIA Y TECNOLOG\u00cdA DE LA REP\u00daBLICA<br \/>ARGENTINA. CONSEJO FEDERAL DE EDUCACI\u00d3N (2004-2012) &#8211; Resoluciones Nros. 225\/04, 228\/04, N\u00b0 174\/12. Buenos Aires. Argentina.<br \/>MINISTERIO DE EDUCACI\u00d3N \u2013 PRESIDENCIA DE LA NACI\u00d3N (2012) &#8211; Actualizar el debate en la Educaci\u00f3n Inicial \u2013 Pol\u00edticas de Ense\u00f1anza \u2013 Documento de trabajo.<br \/>MINISTERIO DE EDUCACI\u00d3N CIENCIA Y TECNOLOG\u00cdA DE LA PROVINCIA DE CATAMARCA: Resoluci\u00f3n N\u00b0 021\/ 2014.<br \/>OROZCO FUENTES, B. (2009) &#8211; Experiencias y configuraciones conceptuales en M\u00e9jico. M\u00e9jico. Universidad Nacional Aut\u00f3noma de M\u00e9jico.<br \/>PERRENAUD, P. (2008) \u2013 La evaluaci\u00f3n de los alumnos. De la producci\u00f3n de la excelencia a la regulaci\u00f3n de los aprendizajes. Entre dos l\u00f3gicas. Colihue. Buenos Aires. Argentina.<br \/>PITLUK, L. (2006) \u2013 La Planificaci\u00f3n Did\u00e1ctica en el Jard\u00edn de Infantes. Homo Sapiens. Buenos Aires. Argentina<br \/>QUIROS, A.; PICCO P., SOTO, C. (2012) &#8211; Pol\u00edtica de Ense\u00f1anza. Ministerio de<br \/>Educaci\u00f3n de la Naci\u00f3n. Buenos Aires. Argentina.<br \/>SACRISTAN, Jos\u00e9 G. (1.994) \u2013 El curr\u00edculo una reflexi\u00f3n sobre la pr\u00e1ctica &#8211; Morata. Madrid. Espa\u00f1a.<br \/>SARL\u00c9, Patricia (2006) &#8211; Ense\u00f1ar el juego y jugar la ense\u00f1anza &#8211; Paidos. Buenos Aires. Argentina.<br \/>SIEDE, Isabelino (2007) \u2013 Familias y Escuelas. Entre Encuentros y Desencuentros, en DGCyE. La educaci\u00f3n inicial hoy: Maestros, Ni\u00f1os, Ense\u00f1anza. Ciclo de Conferencias. Argentina<br \/>SOTO, C.; MATEOS, N.; CASTRO, E. Coord. MALAJOVICH, A. (2014) \u2013 Experiencias de Educaci\u00f3n y Cuidado para la Primera Infancia. Ministerio de Educaci\u00f3n. Presidencia de la Naci\u00f3n.<br \/>TERIGI, Flavia (2014) \u2013 Seminario Dise\u00f1o, Desarrollo y Evaluaci\u00f3n del Curriculum. Universidad Nacional de C\u00f3rdoba. C\u00f3rdoba. Argentina<br \/>VALI\u00d1O, GABRIELA (2006) &#8211; El juego en la infancia y en el nivel inicial. Ministerio de Cultura y Educaci\u00f3n. Buenos Aires. Argentina.<br \/>VIOLANTE R. Y SOTO C. (2001) &#8211; Los Contenidos de la ense\u00f1anza en el jard\u00edn Maternal. Informe final de Investigaci\u00f3n. CONICET. Facultad de Filosof\u00eda y Letras de la UBA. Buenos Aires.<br \/>ZABALZA, M. (1987) \u2013 La evaluaci\u00f3n en la educaci\u00f3n infantil. \u00c1reas, medios y evaluaci\u00f3n en la educaci\u00f3n infantil. Narcea. Madrid.<\/p>\r\n","protected":false},"excerpt":{"rendered":"<p>AZZERBONI, DELIA (2000) &#8211; Evaluaci\u00f3n en el Nivel Inicial: herramientas y objetivos\u201dEdiciones Novedades Educativas. Buenos Aires. Argentina.AZZERBONI, DELIA Y OTROS (2013) &#8211; Qu\u00e9 pasa con la evaluaci\u00f3n en la Educaci\u00f3nInicial &#8211; Editorial Hola Chicos. Buenos Aires. Argentina.CARR, W. y KEMIS, S. (1.999) \u2013 El Curriculum: M\u00e1s All\u00e1 de la Teor\u00eda de laReproducci\u00f3n. Morata. Espa\u00f1a.CALMELS, Daniel&hellip; <br \/> <a class=\"read-more\" href=\"https:\/\/www.catamarca.edu.ar\/plataforma_educativa\/ni-bibliografia-general\/\">Read more<\/a><\/p>\n","protected":false},"author":2,"featured_media":0,"parent":0,"menu_order":0,"comment_status":"closed","ping_status":"closed","template":"template-full-width.php","meta":{"footnotes":""},"class_list":["post-5265","page","type-page","status-publish","hentry"],"_links":{"self":[{"href":"https:\/\/www.catamarca.edu.ar\/plataforma_educativa\/wp-json\/wp\/v2\/pages\/5265","targetHints":{"allow":["GET"]}}],"collection":[{"href":"https:\/\/www.catamarca.edu.ar\/plataforma_educativa\/wp-json\/wp\/v2\/pages"}],"about":[{"href":"https:\/\/www.catamarca.edu.ar\/plataforma_educativa\/wp-json\/wp\/v2\/types\/page"}],"author":[{"embeddable":true,"href":"https:\/\/www.catamarca.edu.ar\/plataforma_educativa\/wp-json\/wp\/v2\/users\/2"}],"replies":[{"embeddable":true,"href":"https:\/\/www.catamarca.edu.ar\/plataforma_educativa\/wp-json\/wp\/v2\/comments?post=5265"}],"version-history":[{"count":4,"href":"https:\/\/www.catamarca.edu.ar\/plataforma_educativa\/wp-json\/wp\/v2\/pages\/5265\/revisions"}],"predecessor-version":[{"id":9399,"href":"https:\/\/www.catamarca.edu.ar\/plataforma_educativa\/wp-json\/wp\/v2\/pages\/5265\/revisions\/9399"}],"wp:attachment":[{"href":"https:\/\/www.catamarca.edu.ar\/plataforma_educativa\/wp-json\/wp\/v2\/media?parent=5265"}],"curies":[{"name":"wp","href":"https:\/\/api.w.org\/{rel}","templated":true}]}}